{"id":2563,"date":"2023-05-08T17:02:47","date_gmt":"2023-05-08T17:02:47","guid":{"rendered":"https:\/\/euro-scola.com\/blog\/?page_id=2563"},"modified":"2023-05-08T17:02:47","modified_gmt":"2023-05-08T17:02:47","slug":"politica-de-privacidad","status":"publish","type":"page","link":"https:\/\/euro-scola.com\/blog\/politica-de-privacidad\/","title":{"rendered":"Pol\u00edtica de privacidad"},"content":{"rendered":"<p><strong>Pol\u00edtica de privacidad<\/strong><br \/>\nEn aras de su seguridad y privacidad, hemos preparado un documento en el que encontrar\u00e1 las reglas para el procesamiento de datos personales y el uso de cookies, en relaci\u00f3n con el uso del sitio web https:\/\/euro-scola.com\/blog\/.<br \/>\n<strong>Recogida de informaci\u00f3n y protecci\u00f3n de datos personales<\/strong><br \/>\nEl sitio web cumple con la normativa vigente en materia de protecci\u00f3n de datos de car\u00e1cter personal, y su administrador realiza los m\u00e1ximos esfuerzos para que todas las personas que utilicen el sitio web se sientan seguras.<br \/>\nLos datos personales proporcionados ser\u00e1n debidamente protegidos para que no caigan en manos de personas no autorizadas. Tampoco se transferir\u00e1n, revender\u00e1n ni utilizar\u00e1n de forma contraria a su finalidad prevista. Recuerda que facilitar tus datos personales es siempre voluntario, pero tambi\u00e9n necesario para a\u00f1adir un comentario en el blog o contactar con nosotros a trav\u00e9s del formulario de contacto.<br \/>\n<strong>Comentarios<\/strong><br \/>\nCuando los visitantes dejan comentarios en el sitio, recopilamos los datos que se muestran en el formulario de comentarios, as\u00ed como la direcci\u00f3n IP del visitante y la cadena del agente de usuario del navegador, para ayudar a la detecci\u00f3n de spam. Dejar un comentario es completamente voluntario. Sin embargo, al decidir dejar un comentario, usted acepta el procesamiento de los datos personales proporcionados por usted.<br \/>\n<strong>Formulario de contacto<\/strong><br \/>\nEn el Blog, en https:\/\/euro-scola.com\/blog\/contacte-con hay un formulario de contacto que puede usar para comunicarse con nosotros. Completar el formulario de contacto requiere proporcionar datos personales que se utilizan para contactar a la persona que env\u00eda el formulario para responder a una consulta o solicitud. La informaci\u00f3n enviada a trav\u00e9s del formulario se almacena con fines de servicio al cliente por un per\u00edodo indefinido, pero la informaci\u00f3n obtenida de esta manera no se utiliza con fines de marketing.<br \/>\n<strong>Cookies<\/strong><br \/>\nEl sitio web utiliza cookies, que se utilizan para adaptar el contenido de los sitios web a las necesidades del usuario, a fin de mostrar correctamente el sitio web en el dispositivo del usuario, crear estad\u00edsticas que ayuden a comprender c\u00f3mo los usuarios del sitio web usan los sitios web y qu\u00e9 p\u00e1ginas del sitio web son las m\u00e1s populares; y proporcionar a los usuarios contenido publicitario acorde con sus intereses.<br \/>\nDurante la primera visita al Blog, se muestra informaci\u00f3n sobre el uso de cookies. Aceptar esta informaci\u00f3n significa que acepta el uso de cookies de acuerdo con las disposiciones de esta pol\u00edtica de privacidad. Siempre puede retirar este consentimiento. Para ello, elimine las cookies y cambie la configuraci\u00f3n de las cookies en su navegador.<br \/>\nLas cookies utilizadas no almacenan ning\u00fan dato personal u otra informaci\u00f3n recopilada de los usuarios, y se recopilan \u00fanicamente con fines estad\u00edsticos.<br \/>\n<strong>Los siguientes tipos de cookies se utilizan como parte del Blog:<\/strong><br \/>\n\u2022 Necesarias: las cookies contribuyen a la usabilidad del sitio web al habilitar funciones b\u00e1sicas como la navegaci\u00f3n por la p\u00e1gina y el acceso a \u00e1reas seguras del sitio web. El sitio web no puede funcionar correctamente sin estas cookies.<br \/>\n\u2022 Preferencias: las cookies contribuyen a la usabilidad del sitio web al habilitar funciones b\u00e1sicas como la navegaci\u00f3n de p\u00e1ginas y el acceso a \u00e1reas seguras del sitio web. El sitio web no puede funcionar correctamente sin estas cookies.<br \/>\n\u2022 Estad\u00edsticas: las cookies estad\u00edsticas ayudan a los propietarios de sitios web a comprender c\u00f3mo se comportan los diferentes usuarios en el sitio web mediante la recopilaci\u00f3n y el informe de informaci\u00f3n an\u00f3nim; es decir, Yandex m\u00e9trica es utilizada para recopilar informaci\u00f3n sobre las actividades de los usuarios en el Blog, estad\u00edsticas de tr\u00e1fico del sitio web, n\u00famero de clics y grabaciones de sesiones individuales. Gracias a esto, podemos rastrear las experiencias de los usuarios que interact\u00faan con el sitio web, lo que es una ayuda invaluable en su optimizaci\u00f3n. Esta informaci\u00f3n se recopila para analizar el contenido y el inter\u00e9s del usuario, para que podamos crear contenido sobre temas que sean relevantes para los intereses de nuestros lectores.<br \/>\n\u2022 Sin clasificar: las cookies sin clasificar son archivos que est\u00e1n en proceso de clasificaci\u00f3n, junto con los proveedores de cookies individuales.<br \/>\n<strong>Derecho de acceso a los datos<\/strong><br \/>\nEn relaci\u00f3n con el tratamiento de datos personales, el usuario tiene los siguientes derechos:<br \/>\n\u2022 Derecho a solicitar al administrador que acceda a sus datos personales;<br \/>\n\u2022 Derecho a rectificar los datos;<br \/>\n\u2022 Derecho a eliminar datos;<br \/>\n\u2022 Derecho a limitar el procesamiento;<br \/>\n\u2022 Derecho a oponerse al procesamiento;<br \/>\n\u2022 Derecho a transferir datos (si es t\u00e9cnicamente posible);<br \/>\n\u2022 Derecho a retirar el consentimiento para el procesamiento de datos personales para un prop\u00f3sito espec\u00edfico, si dicho consentimiento se dio previamente;<br \/>\n\u2022 Derecho a presentar una queja ante la autoridad de control en relaci\u00f3n con el procesamiento de datos personales.<br \/>\n<strong>Registros del servidor<\/strong><br \/>\nEl uso del sitio web implica el env\u00edo de consultas al servidor donde se encuentra alojado el sitio web. Cada consulta dirigida al servidor se guarda en los registros del mismo.<br \/>\nLos registros incluyen: direcci\u00f3n IP del usuario, fecha y hora del servidor, informaci\u00f3n sobre el navegador web y el sistema operativo que est\u00e1 utilizando. Los registros se guardan y almacenan en el servidor.<br \/>\nLos datos almacenados en los registros del servidor no est\u00e1n asociados con personas espec\u00edficas que utilizan el sitio web, y no se utilizan para identificar al usuario.<br \/>\nLos registros del servidor son solo material auxiliar que se utiliza para administrar el sitio web y su contenido no se divulga a nadie, excepto a las personas autorizadas para administrar el servidor.<br \/>\n<strong>Convenio<\/strong><br \/>\nAl usar el sitio web https:\/\/euro-scola.com\/blog\/, el usuario declara que ha le\u00eddo nuestra pol\u00edtica de privacidad y est\u00e1 de acuerdo con ella.<\/p>\n<p>&nbsp;<\/p>\n","protected":false},"excerpt":{"rendered":"<p>Pol\u00edtica de privacidad En aras de su seguridad y privacidad, hemos preparado un documento en el que encontrar\u00e1 las reglas para el procesamiento de datos personales y el uso de cookies, en relaci\u00f3n con el uso del sitio web https:\/\/euro-scola.com\/blog\/. Recogida de informaci\u00f3n y protecci\u00f3n de datos personales El sitio web cumple con la normativa [&hellip;]<\/p>\n","protected":false},"author":1,"featured_media":0,"parent":0,"menu_order":0,"comment_status":"closed","ping_status":"closed","template":"","meta":{"footnotes":""},"class_list":["post-2563","page","type-page","status-publish","hentry"],"yoast_head":"<!-- This site is optimized with the Yoast SEO plugin v27.0 - https:\/\/yoast.com\/product\/yoast-seo-wordpress\/ -->\n<title>Pol\u00edtica de privacidad - Euro Scola Blog<\/title>\n<meta name=\"robots\" content=\"index, follow, max-snippet:-1, max-image-preview:large, max-video-preview:-1\" \/>\n<link rel=\"canonical\" href=\"https:\/\/euro-scola.com\/blog\/politica-de-privacidad\/\" \/>\n<meta property=\"og:locale\" content=\"es_ES\" \/>\n<meta property=\"og:type\" content=\"article\" \/>\n<meta property=\"og:title\" content=\"Pol\u00edtica de privacidad - Euro Scola Blog\" \/>\n<meta property=\"og:description\" content=\"Pol\u00edtica de privacidad En aras de su seguridad y privacidad, hemos preparado un documento en el que encontrar\u00e1 las reglas para el procesamiento de datos personales y el uso de cookies, en relaci\u00f3n con el uso del sitio web https:\/\/euro-scola.com\/blog\/. Recogida de informaci\u00f3n y protecci\u00f3n de datos personales El sitio web cumple con la normativa [&hellip;]\" \/>\n<meta property=\"og:url\" content=\"https:\/\/euro-scola.com\/blog\/politica-de-privacidad\/\" \/>\n<meta property=\"og:site_name\" content=\"Euro Scola Blog\" \/>\n<meta name=\"twitter:card\" content=\"summary_large_image\" \/>\n<meta name=\"twitter:label1\" content=\"Tiempo de lectura\" \/>\n\t<meta name=\"twitter:data1\" content=\"5 minutos\" \/>\n<script type=\"application\/ld+json\" class=\"yoast-schema-graph\">{\"@context\":\"https:\/\/schema.org\",\"@graph\":[{\"@type\":\"WebPage\",\"@id\":\"https:\/\/euro-scola.com\/blog\/politica-de-privacidad\/\",\"url\":\"https:\/\/euro-scola.com\/blog\/politica-de-privacidad\/\",\"name\":\"Pol\u00edtica de privacidad - Euro Scola Blog\",\"isPartOf\":{\"@id\":\"https:\/\/euro-scola.com\/blog\/#website\"},\"datePublished\":\"2023-05-08T17:02:47+00:00\",\"breadcrumb\":{\"@id\":\"https:\/\/euro-scola.com\/blog\/politica-de-privacidad\/#breadcrumb\"},\"inLanguage\":\"es\",\"potentialAction\":[{\"@type\":\"ReadAction\",\"target\":[\"https:\/\/euro-scola.com\/blog\/politica-de-privacidad\/\"]}]},{\"@type\":\"BreadcrumbList\",\"@id\":\"https:\/\/euro-scola.com\/blog\/politica-de-privacidad\/#breadcrumb\",\"itemListElement\":[{\"@type\":\"ListItem\",\"position\":1,\"name\":\"Home\",\"item\":\"https:\/\/euro-scola.com\/blog\/\"},{\"@type\":\"ListItem\",\"position\":2,\"name\":\"Pol\u00edtica de privacidad\"}]},{\"@type\":\"WebSite\",\"@id\":\"https:\/\/euro-scola.com\/blog\/#website\",\"url\":\"https:\/\/euro-scola.com\/blog\/\",\"name\":\"Euro Scola Blog\",\"description\":\"Euro Scola Blog\",\"publisher\":{\"@id\":\"https:\/\/euro-scola.com\/blog\/#organization\"},\"potentialAction\":[{\"@type\":\"SearchAction\",\"target\":{\"@type\":\"EntryPoint\",\"urlTemplate\":\"https:\/\/euro-scola.com\/blog\/?s={search_term_string}\"},\"query-input\":{\"@type\":\"PropertyValueSpecification\",\"valueRequired\":true,\"valueName\":\"search_term_string\"}}],\"inLanguage\":\"es\"},{\"@type\":\"Organization\",\"@id\":\"https:\/\/euro-scola.com\/blog\/#organization\",\"name\":\"Euro Scola Blog\",\"url\":\"https:\/\/euro-scola.com\/blog\/\",\"logo\":{\"@type\":\"ImageObject\",\"inLanguage\":\"es\",\"@id\":\"https:\/\/euro-scola.com\/blog\/#\/schema\/logo\/image\/\",\"url\":\"https:\/\/euro-scola.com\/blog\/wp-content\/uploads\/2023\/02\/logo_big.png\",\"contentUrl\":\"https:\/\/euro-scola.com\/blog\/wp-content\/uploads\/2023\/02\/logo_big.png\",\"width\":450,\"height\":120,\"caption\":\"Euro Scola Blog\"},\"image\":{\"@id\":\"https:\/\/euro-scola.com\/blog\/#\/schema\/logo\/image\/\"}}]}<\/script>\n<!-- \/ Yoast SEO plugin. -->","yoast_head_json":{"title":"Pol\u00edtica de privacidad - Euro Scola Blog","robots":{"index":"index","follow":"follow","max-snippet":"max-snippet:-1","max-image-preview":"max-image-preview:large","max-video-preview":"max-video-preview:-1"},"canonical":"https:\/\/euro-scola.com\/blog\/politica-de-privacidad\/","og_locale":"es_ES","og_type":"article","og_title":"Pol\u00edtica de privacidad - Euro Scola Blog","og_description":"Pol\u00edtica de privacidad En aras de su seguridad y privacidad, hemos preparado un documento en el que encontrar\u00e1 las reglas para el procesamiento de datos personales y el uso de cookies, en relaci\u00f3n con el uso del sitio web https:\/\/euro-scola.com\/blog\/. Recogida de informaci\u00f3n y protecci\u00f3n de datos personales El sitio web cumple con la normativa [&hellip;]","og_url":"https:\/\/euro-scola.com\/blog\/politica-de-privacidad\/","og_site_name":"Euro Scola Blog","twitter_card":"summary_large_image","twitter_misc":{"Tiempo de lectura":"5 minutos"},"schema":{"@context":"https:\/\/schema.org","@graph":[{"@type":"WebPage","@id":"https:\/\/euro-scola.com\/blog\/politica-de-privacidad\/","url":"https:\/\/euro-scola.com\/blog\/politica-de-privacidad\/","name":"Pol\u00edtica de privacidad - Euro Scola Blog","isPartOf":{"@id":"https:\/\/euro-scola.com\/blog\/#website"},"datePublished":"2023-05-08T17:02:47+00:00","breadcrumb":{"@id":"https:\/\/euro-scola.com\/blog\/politica-de-privacidad\/#breadcrumb"},"inLanguage":"es","potentialAction":[{"@type":"ReadAction","target":["https:\/\/euro-scola.com\/blog\/politica-de-privacidad\/"]}]},{"@type":"BreadcrumbList","@id":"https:\/\/euro-scola.com\/blog\/politica-de-privacidad\/#breadcrumb","itemListElement":[{"@type":"ListItem","position":1,"name":"Home","item":"https:\/\/euro-scola.com\/blog\/"},{"@type":"ListItem","position":2,"name":"Pol\u00edtica de privacidad"}]},{"@type":"WebSite","@id":"https:\/\/euro-scola.com\/blog\/#website","url":"https:\/\/euro-scola.com\/blog\/","name":"Euro Scola Blog","description":"Euro Scola Blog","publisher":{"@id":"https:\/\/euro-scola.com\/blog\/#organization"},"potentialAction":[{"@type":"SearchAction","target":{"@type":"EntryPoint","urlTemplate":"https:\/\/euro-scola.com\/blog\/?s={search_term_string}"},"query-input":{"@type":"PropertyValueSpecification","valueRequired":true,"valueName":"search_term_string"}}],"inLanguage":"es"},{"@type":"Organization","@id":"https:\/\/euro-scola.com\/blog\/#organization","name":"Euro Scola Blog","url":"https:\/\/euro-scola.com\/blog\/","logo":{"@type":"ImageObject","inLanguage":"es","@id":"https:\/\/euro-scola.com\/blog\/#\/schema\/logo\/image\/","url":"https:\/\/euro-scola.com\/blog\/wp-content\/uploads\/2023\/02\/logo_big.png","contentUrl":"https:\/\/euro-scola.com\/blog\/wp-content\/uploads\/2023\/02\/logo_big.png","width":450,"height":120,"caption":"Euro Scola Blog"},"image":{"@id":"https:\/\/euro-scola.com\/blog\/#\/schema\/logo\/image\/"}}]}},"_links":{"self":[{"href":"https:\/\/euro-scola.com\/blog\/wp-json\/wp\/v2\/pages\/2563","targetHints":{"allow":["GET"]}}],"collection":[{"href":"https:\/\/euro-scola.com\/blog\/wp-json\/wp\/v2\/pages"}],"about":[{"href":"https:\/\/euro-scola.com\/blog\/wp-json\/wp\/v2\/types\/page"}],"author":[{"embeddable":true,"href":"https:\/\/euro-scola.com\/blog\/wp-json\/wp\/v2\/users\/1"}],"replies":[{"embeddable":true,"href":"https:\/\/euro-scola.com\/blog\/wp-json\/wp\/v2\/comments?post=2563"}],"version-history":[{"count":1,"href":"https:\/\/euro-scola.com\/blog\/wp-json\/wp\/v2\/pages\/2563\/revisions"}],"predecessor-version":[{"id":2564,"href":"https:\/\/euro-scola.com\/blog\/wp-json\/wp\/v2\/pages\/2563\/revisions\/2564"}],"wp:attachment":[{"href":"https:\/\/euro-scola.com\/blog\/wp-json\/wp\/v2\/media?parent=2563"}],"curies":[{"name":"wp","href":"https:\/\/api.w.org\/{rel}","templated":true}]}}